1220100
Convert -110101010 (base 2) to base 10.
-426
Convert -30221 (base 4) to base 5.
-11214
Convert 1002112 (base 3) to base 10.
797
534 (base 14) to base 9
1360
What is 192 (base 12) in base 6?
1102
-52024 (base 7) to base 12
-7431
1214 (base 5) to base 2
10111000
-581 (base 16) to base 10
-1409
What is -55332 (base 8) in base 5?
-1221013
261 (base 7) to base 5
1031
-1615 (base 9) to base 11
-a18
Convert 1020434 (base 6) to base 8.
140406
-102 (base 11) to base 8
-173
232433 (base 5) to base 16
212d
What is -16c2b (base 15) in base 3?
-10201222112
-743 (base 12) to base 4
-100203
a2 (base 15) to base 8
230
Convert 239 (base 13) to base 16.
182
Convert -181a0 (base 12) to base 3.
-1202202210
What is 350326 (base 7) in base 9?
104767
Convert 5494 (base 13) to base 9.
17141
522255 (base 6) to base 12
2038b
100010011100100 (base 2) to base 4
10103210
3866 (base 9) to base 10
2895
1406 (base 7) to base 6
2305
Convert c19 (base 13) to base 14.
a66
1435 (base 13) to base 5
43132
33320 (base 4) to base 6
4412
61240 (base 8) to base 4
12022200
Convert -4b91 (base 14) to base 6.
-141215
-33014 (base 7) to base 4
-2000303
What is 1606 (base 8) in base 13?
545
Convert -1522 (base 7) to base 5.
-4404
-2411 (base 7) to base 13
-536
13809 (base 10) to base 11
a414
-3035 (base 13) to base 12
-3a0b
What is -19d (base 16) in base 11?
-346
-41642 (base 12) to base 3
-11100101212
What is -9b3 (base 12) in base 4?
-112113
-1277 (base 11) to base 7
-4555
-135c (base 16) to base 7
-20310
22233 (base 4) to base 2
1010101111
What is -12311 (base 4) in base 8?
-665
Convert -16030 (base 10) to base 2.
-11111010011110
-13051 (base 11) to base 10
-18690
What is 17900 (base 11) in base 5?
1300142
What is 1000110101 (base 2) in base 13?
346
What is 1aa (base 14) in base 15?
181
Convert -11242 (base 6) to base 5.
-22420
14 (base 10) to base 9
15
-139c (base 13) to base 11
-2146
Convert 2b9 (base 16) to base 11.
584
-2236 (base 11) to base 14
-1103
Convert -574 (base 9) to base 14.
-25a
What is 1aa7 (base 12) in base 6?
23131
11102213 (base 4) to base 15
664b
5001 (base 9) to base 2
111000111110
What is -1000101110111 (base 2) in base 14?
-18b5
3ac (base 16) to base 9
1254
Convert 125322 (base 7) to base 9.
35186
24204 (base 7) to base 8
14204
What is 7ca (base 13) in base 14?
6c5
-1866 (base 9) to base 11
-1097
What is 1011021 (base 3) in base 9?
1137
What is 6773 (base 9) in base 14?
1b79
656 (base 9) to base 12
389
Convert -a85 (base 16) to base 15.
-be8
What is 2688 (base 12) in base 2?
1000101001000
-2322 (base 5) to base 15
-177
-1120010121 (base 3) to base 14
-b29d
Convert -10110001 (base 2) to base 8.
-261
What is -15503 (base 7) in base 10?
-4364
-daa (base 14) to base 9
-3627
-1000223 (base 5) to base 9
-23461
3849 (base 10) to base 15
1219
Convert 213420 (base 5) to base 10.
7360
What is -23231 (base 9) in base 16?
-3c8b
Convert 165c (base 14) to base 15.
12bc
3104214 (base 5) to base 14
145d5
What is 463 (base 12) in base 2?
1010001011
Convert 3230 (base 6) to base 14.
3aa
What is -8299 (base 12) in base 14?
-5285
Convert -14102 (base 6) to base 12.
-1332
What is -10235 (base 10) in base 11?
-7765
13223 (base 5) to base 13
63a
Convert -5a3a (base 11) to base 16.
-1ee4
Convert 1100101000 (base 2) to base 13.
4a2
What is 645 (base 10) in base 13?
3a8
1943 (base 11) to base 4
212203
-15346 (base 7) to base 10
-4297
Convert -4034 (base 16) to base 3.
-211112202
10218 (base 9) to base 6
51112
What is 22212112 (base 3) in base 12?
38ab
Convert 1012201 (base 4) to base 7.
16105
Convert -7b (base 12) to base 6.
-235
-1040 (base 9) to base 4
-23331
13305 (base 6) to base 4
200021
Convert -5101 (base 7) to base 2.
-11011100101
6106 (base 7) to base 4
201001
Convert -205 (base 12) to base 13.
-197
1014 (base 5) to base 4
2012
-1121200010 (base 3) to base 15
-9676
What is 1110221210 (base 3) in base 5?
1413002
-52303 (base 7) to base 16
-3229
7fd (base 16) to base 9
2722
Convert 25032 (base 6) to base 2.
111001101100
-295 (base 12) to base 7
-1112
What is -18826 (base 10) in base 15?
-58a1
1cc (base 16) to base 6
2044
Convert 222012 (base 3) to base 13.
425
What is -133550 (base 6) in base 5?
-400042
What is -10144 (base 6) in base 14?
-6d2
Convert 131112 (base 6) to base 11.
8a60
-15b (base 12) to base 10
-215
What is -21221001 (base 3) in base 14?
-216b
Convert 11111001010010 (base 2) to base 8.
37122
What is -15023 (base 6) in base 9?
-3246
1549 (base 14) to base 13
1956
What is -d675 (base 14) in base 13?
-13a85
Convert -588 (base 12) to base 14.
-42c
Convert -a699 (base 13) to base 10.
-23110
What is 220343 (base 5) in base 3?
101102102
-36445 (base 7) to base 12
-55aa
Convert 30801 (base 9) to base 8.
47554
Convert -1224542 (base 6) to base 11.
-45542
What is -4445 (base 6) in base 5?
-13122
-232104 (base 5) to base 13
-3a96
What is -10012 (base 3) in base 9?
-105
-13750 (base 8) to base 6
-44200
10011111010 (base 2) to base 9
1665
What is 7941 (base 10) in base 16?
1f05
What is -36611 (base 7) in base 2?
-10010101011011
What is -5a65 (base 11) in base 5?
-223221
What is -1030311 (base 5) in base 10?
-17581
What is -1110100100001000 (base 2) in base 9?
-100744
What is 1929 (base 14) in base 10?
4545
-1135c (base 13) to base 15
-9447
Convert 42a7 (base 11) to base 15.
1a3d
Convert 611 (base 7) to base 15.
152
261123 (base 7) to base 12
24039
1c38 (base 15) to base 14
233a
682 (base 13) to base 6
5104
-12110 (base 3) to base 2
-10010011
What is -13444 (base 5) in base 11?
-932
-2848 (base 10) to base 7
-11206
-2c6 (base 13) to base 7
-1313
Convert -1713 (base 10) to base 2.
-11010110001
202 (base 11) to base 9
301
Convert 18 (base 10) to base 2.
10010
What is -4c6 (base 14) in base 12?
-67a
What is -5410 (base 6) in base 5?
-14410
515 (base 7) to base 3
100112
Convert 1011 (base 2) to base 9.
12
What is 24430 (base 5) in base 11?
1446
Convert -1001011 (base 2) to base 4.
-1023
-201210 (base 3) to base 5
-4114
-333 (base 6) to base 14
-93
What is -1100100 (base 4) in base 6?
-35440
-a77 (base 11) to base 8
-2416
Convert -1101101111110100 (base 2) to base 9.
-85214
-22203 (base 4) to base 15
-300
Convert -1043 (base 5) to base 12.
-104
Convert 315202 (base 6) to base 9.
38322
Convert 4893 (base 12) to base 15.
2650
Convert 4216 (base 8) to base 3.
10000010
32015 (base 7) to base 13
379a
What is 576 (base 12) in base 10?
810
1110110 (base 3) to base 6
4533
Convert -1010101 (base 3) to base 11.
-686
-111001110110110 (base 2) to base 5
-1421442
What is 131a (base 16) in base 7?
20154
4311 (base 9) to base 16
c61
28646 (base 9) to base 5
1110412
Convert 3e (base 15) to base 12.
4b
Convert 1011010010101 (base 2) to base 14.
216d
Convert 221 (base 11) to base 3.
100211
-112121 (base 5) to base 15
-12e1
5965 (base 11) to base 8
17207
499 (base 14) to base 13
559
1114 (base 6) to base 5
2022
What is 351 (base 13) in base 2?
1000111101
What is -12100 (base 3) in base 11?
-121
What is -494 (base 14) in base 12?
-642
What is 4092 (base 10) in base 12?
2450
-230435 (base 7) to base 11
-28919
Convert 1367 (base 11) to base 4.
123213
What is 747 (base 14) in base 2?
10110011011
What is 17c6 (base 16) in base 6?
44102
Convert -ac (base 13) to base 10.
-142
What is -21c8 (base 14) in base 15?
-1b0a
Convert 11440 (base 7) to base 16.
b98
Convert -422 (base 5) to base 15.
-77
-10001 (base 5) to base 10
-626
What is 1125 (base 7) in base 8?
633
-25a76 (base 11) to base 15
-b070
What is 3754 (base 8) in base 11?
1584
Convert 221212202 (base 3) to base 4.
10212302
What is -47c6 (base 14) in base 13?
-5913
Convert 41 (base 15) to base 3.
2021
-52608 (base 9) to base 4
-20133011
Convert 41c (base 13) to base 11.
588
Convert -211202 (base 3) to base 16.
-266
1a1 (base 12) to base 4
10021
-2020211 (base 3) to base 5
-23032
-100110110110001 (base 2) to base 5
-1114024
What is -6a3 (base 11) in base 16?
-347
-32cb (base 15) to base 12
-6292
-221121000 (base 3) to base 12
-a969
What is 2bcc (base 14) in base 2?
1111010010000
-3242 (base 6) to base 8
-1352
847 (base 11) to base 10
1019
-1440 (base 6) to base 15
-1a9
Convert -6d4 (base 14) to base 10.
-1362
What is 123255 (base 6) in base 13?
50a8
1014 (base 15) to base 3
11122201
What is 59c1 (base 16) in base 10?
22977
What is 613 (base 8) in